 c(26).
-5
Let r(o) = -o**3 + 13*o**2 + 12*o + 20. Calculate r(14).
-8
Let j(i) = -2*i + 1. What is j(6)?
-11
Let j(l) = -l**3 - 43*l**2 - 41*l + 42. Give j(-42).
0
Let c(n) = -n**3 + n**2 + n - 4. Calculate c(2).
-6
Let f(m) = -22*m**2 + 4*m + 3. Give f(-1).
-23
Let k(q) = 18*q + 27. Calculate k(-7).
-99
Let u(y) = -2*y**2 + 8*y - 7. Determine u(5).
-17
Let q(z) = 51*z - 423. Determine q(8).
-15
Let c(n) = 4*n**2 + 9*n - 3. Calculate c(-4).
25
Let l(y) = -y + 33. Give l(30).
3
Let j(i) = -i**3 + 14*i**2 - 3*i + 21. Give j(14).
-21
Let t(g) = g**3 - 5*g + 3. Determine t(-5).
-97
Let d(j) = -10*j - 9. Give d(-1).
1
Let u(m) = m**2 - 20*m + 61. Determine u(5).
-14
Let z(x) = -x - 15. Calculate z(-16).
1
Let y(x) = -3*x**2 + 2*x - 7. Give y(0).
-7
Let w(r) = 5*r**2 - 4*r + 3. Calculate w(2).
15
Let q(o) = 5*o - 24. Give q(10).
26
Let q(x) = -2*x + 9. Determine q(-3).
15
Let f(d) = -d**2 - 19*d - 14. Give f(-18).
4
Let k(w) = w**3 - 2*w**2 - 6*w + 2. Calculate k(4).
10
Let k(l) = -l**2 - 15*l - 25. Give k(-13).
1
Let w(f) = -f**3 - 8*f**2 - 12*f + 17. Determine w(-8).
113
Let h(p) = -p**2 + 10*p - 4. What is h(9)?
5
Let t(l) = 2*l**3 + 3*l**2 - 2*l + 3. What is t(2)?
27
Let m(l) = 106*l**2 + 3*l - 2. Give m(1).
107
Let o(k) = -k**3 - 9*k**2 + 12*k - 4. Calculate o(-10).
-24
Let y(f) = f**3 + 3*f**2 + 4*f + 3. Calculate y(-2).
-1
Let r(m) = -3*m**3 - 173*m**2 - 113*m + 53. Determine r(-57).
-4
Let f(k) = 2*k**2 + 11*k + 9. What is f(-6)?
15
Let n(d) = 2*d - 4. Determine n(7).
10
Let i(f) = -f - 5. Calculate i(-6).
1
Let w(h) = -h**3 + 7*h**2 + 6*h + 22. Calculate w(8).
6
Let b(i) = i**3 - 37*i**2 - 40*i + 79. What is b(38)?
3
Let o(y) = -16*y + 4. Determine o(1).
-12
Let d(t) = 33*t + 90. Determine d(-3).
-9
Let f(l) = l**3 - l**2 - 2*l + 4. What is f(4)?
44
Let k(s) = 4*s - 6. What is k(7)?
22
Let i(q) = q**3 - 6*q**2 - 24*q - 10. Determine i(9).
17
Let s(m) = m**3 + 12*m**2 - 15*m - 25. Give s(-13).
1
Let q(y) = 29*y + 8. Calculate q(-2).
-50
Let y(v) = 14*v + 149. Calculate y(-11).
-5
Let f(r) = 2*r + 11. Give f(-4).
3
Let c(f) = -3*f**2 + 3*f + 3. Determine c(2).
-3
Let g(b) = -b - 20. Determine g(-13).
-7
Let x(t) = t + 9. What is x(-3)?
6
Let k(b) = 3*b + 116. Give k(-26).
38
Let i(m) = m - 57. What is i(25)?
-32
Let o(b) = -2*b - 8. Give o(9).
-26
Let h(f) = 27*f**3 - 2*f**2 + 1. What is h(-1)?
-28
Let d(t) = 2*t - 7. Determine d(5).
3
Let o(f) = 13*f + 20. What is o(9)?
137
Let q(u) = -u**3 + 9*u**2 + 11*u + 5. Give q(10).
15
Let g(i) = i - 9. Give g(5).
-4
Let b(o) = 2*o**2 - 4*o - 9. What is b(5)?
21
Let n(y) = -y - 17. Determine n(-9).
-8
Let o(g) = -2*g**2 - 20*g - 4. Calculate o(-10).
-4
Let a(l) = l - 12. Give a(14).
2
Let b(l) = -l**2 - 4*l + 23. Give b(-7).
2
Let b(q) = 3*q - 20. Calculate b(7).
1
Let d(v) = 5*v + 14. Determine d(-6).
-16
Let j(x) = 2*x + 10. Calculate j(-8).
-6
Let h(o) = 29*o + 1. Give h(1).
30
Let f(l) = -16*l + 18. Give f(4).
-46
Let b(y) = -y**2 + 13*y - 12. Determine b(11).
10
Let w(b) = b**3 - 8*b**2 + 7*b + 4. Determine w(7).
4
Let z(i) = 7*i**2 - 3*i + 1. Calculate z(1).
5
Let s(n) = n**3 + 19*n**2 - 39*n + 59. Determine s(-21).
-4
Let c(s) = -s - 11. Determine c(-6).
-5
Let s(h) = 2*h**2 + 2*h - 7. Determine s(-4).
17
Let l(h) = -h**3 - 13*h**2 + 15*h + 6. Determine l(-14).
-8
Let n(d) = -d + 21. Give n(8).
13
Let v(o) = -o**2 + 7*o + 3. Give v(5).
13
Let s(v) = -v**2 + 1. Determine s(0).
1
Let w(a) = a**3 + 25*a**2 - 28*a - 56. Calculate w(-26).
-4
Let m(c) = -3*c**2 + 3*c + 20. Calculate m(6).
-70
Let p(h) = -4*h + 26. Determine p(6).
2
Let w(l) = -3*l**2 - 17*l - 9. Give w(-7).
-37
Let v(u) = u**2 + 17*u - 11. What is v(-18)?
7
Let u(h) = -h**3 - 49*h**2 + 104*h + 97. Calculate u(-51).
-5
Let a(n) = 4*n + 26. Determine a(15).
86
Let c(p) = -p**2 - 9*p - 11. What is c(-8)?
-3
Let m(i) = 8*i - 3. Calculate m(2).
13
Let p(u) = -30*u + 260. What is p(9)?
-10
Let i(p) = -2*p + 13. Determine i(-3).
19
Let h(x) = 49*x - 25. What is h(-1)?
-74
Let d(c) = c**3 + 23*c**2 + c + 19. Determine d(-23).
-4
Let o(m) = 6*m - 1. Give o(-7).
-43
Let m(h) = 25*h**2 - 1. Determine m(-1).
24
Let g(a) = a**2 - 5*a + 10. Determine g(0).
10
Let y(t) = 14*t + 126. Calculate y(-9).
0
Let z(u) = 2*u**3 + 2*u**2 + 2*u + 3. Give z(-2).
-9
Let g(b) = b**3 - 14*b**2 - 15*b + 34. Give g(15).
34
Let m(r) = -r**2 - 7*r + 55. Give m(-11).
11
Let k(z) = -z**2 + 20*z + 26. Determine k(21).
5
Let b(z) = -z**2 - 38*z + 219. What is b(-43)?
4
Let t(u) = 2*u**3 + 34*u**2 + 29*u - 47. What is t(-16)?
1
Let j(w) = -2*w + 7. Give j(5).
-3
Let h(u) = -30*u - 1. Calculate h(1).
-31
Let p(o) = 10*o**3 - o**2 - 3*o - 3. Calculate p(-1).
-11
Let p(f) = f**3 + f**2 - f - 5. What is p(0)?
-5
Let r(m) = 2*m + 1. Determine r(-3).
-5
Let k(c) = -c**3 + 8*c**2 - 5*c - 16. What is k(7)?
-2
Let q(x) = -3*x**2 + 15*x - 9. Give q(4).
3
Let t(b) = -b**2 - 60*b - 492. Give t(-10).
8
Let c(n) = 34*n - 163. What is c(5)?
7
Let s(h) = h**3 - 2*h**2 - 3*h - 70. What is s(0)?
-70
Let i(l) = -l**2 + 29*l - 54. Calculate i(27).
0
Let g(w) = 3*w**3 + 45*w**2 + 41*w - 19. Determine g(-14).
-5
Let h(z) = -2*z - 4. Determine h(-4).
4
Let m(x) = -3*x**2 + 19*x + 1. Calculate m(6).
7
Let w(c) = -c**2 - 24*c + 5. Determine w(0).
5
Let w(s) = -11*s - 8. Calculate w(-2).
14
Let w(f) = f**2 - 13*f - 26. Determine w(15).
4
Let f(r) = -3*r + 177. Give f(60).
-3
Let r(a) = 11*a. What is r(-1)?
-11
Let h(u) = 2*u**2 - 29*u + 26. Calculate h(13).
-13
Let z(s) = s**3 - 6*s**2 - 9*s + 23. Give z(7).
9
Let h(z) = -4*z - 35. Determine h(-13).
17
Let s(j) = 6*j**2 - 3*j + 4. Give s(-3).
67
Let i(v) = -6*v + 5. What is i(1)?
-1
Let k(z) = z**3 - 3*z**2 - 2. Calculate k(3).
-2
Let x(i) = -16*i**2 - 2*i - 2. Calculate x(-1).
-16
Let b(p) = -p**3 - 5*p**2 + 2*p + 3. Determine b(-6).
27
Let d(x) = -x + 27. Determine d(35).
-8
Let n(k) = 2*k**3 + 10*k**2 + 7*k + 4. Determine n(-4).
8
Let o(k) = -10*k**2 + k - 2. What is o(2)?
-40
Let f(a) = -a**2 + 10*a + 7. Determine f(8).
23
Let b(f) = -f**3 + 14*f**2 - 11*f - 9. Determine b(13).
17
Let o(m) = m**2 + 7*m - 5. What is o(-7)?
-5
Let g(t) = -8*t - 2. Determine g(3).
-26
Let n(t) = t**2 - 10*t. Give n(5).
-25
Let c(m) = -m**2 - 6*m - 1. Determine c(-7).
-8
Let u(q) = -3*q + 16. Determine u(5).
1
Let b(q) = -2*q - 22. Determine b(-10).
-2
Let a(k) = -k**3 + 2*k**2 + 8*k - 10. Calculate a(5).
-45
Let k(u) = u**2 + 8*u - 6. Give k(-5).
-21
Let w(y) = 5*y + 27. What is w(-8)?
-13
Let z(u) = 3*u**2 - 11*u + 7. Calculate z(4).
11
Let x(a) = a**3 + a + 190. Calculate x(0).
190
Let t(r) = -2*r**3 - 22*r**2. What is t(-11)?
0
Let y(v) = -v**2 - 94*v + 927. Give y(9).
0
Let r(h) = -h**3 + 3*h**2 - h - 4. Give r(2).
-2
Let r(l) = -7*l + 49. Calculate r(8).
-7
Let c(j) = -j**2 + 9*j + 73. Calculate c(14).
3
Let s(g) = g**3 - 6*g**2 + 10*g - 4. What is s(4)?
4
Let d(i) = i**2 - 16*i - 25. Determine d(18).
11
Let q(l) = l**3 + 8*l**2 + l - 14. Determine q(-8).
-22
Let d(t) = t**2 + 12*t. Calculate d(-10).
-20
Let j(c) = c**2 - 17*c + 48. What is j(13)?
-4
Let q(l) = -l**3 - 16*l**2 - 16*l - 13. Give q(-15).
2
Let i(s) = 2*s - 2. Give i(-3).
-8
Let i(n) = n**2 + 8*n - 32. Give i(-12).
16
Let l(j) = -9*j - 22. Determine l(-3).
5
Let n(w) = -17*w - 17. Give n(-6).
85
Let o(i) = -i**3 + i + 49. Determine o(0).
49
Let i(b) = b**3 - 6*b**2 + 5*b - 13. Determine i(6).
17
Let t(d) = -d**3 - 16*d**2 - 16*d - 6. Give t(-15).
9
Let k(b) = b**2 + 7*b + 9. Give k(-6).
3
Let v(b) = -b**3 + 4*b**2 - 5*b + 4. What is v(3)?
-2
Let i(k) = -7*k**2 - k + 2. Calculate i(2).
-28
Let j(o) = 2*o**3 + 10*o**2 + 3*o - 2. Determine j(-4).
18
Let t(h) = -h**3 + 6*h**2 + 4*h - 25. Determine t(3).
14
Let o(v) = v**2 + 5*v + 3. Give o(-3).
-3
Let y(r) = -r**2 + 9*r + 6. Calculate y(-8).
-130
Let i(q) = q**3 - 21*q**2 + 20*q - 2. Calculate i(20).
-2
Let z(d) = d**2 - 9*d + 10. Determine z(6).
-8
Let b(r) = 2*r - 2. Give b(6).
10
Let w(d) = 3*d**2 - 5*d + 4. Determine w(2).
6
Let q(h) = -h**3 - 8*h**2 - 41*h - 232. What is q(-7)?
6
Let w(p) = p**3 - 11*p**2 + 30*p - 5. What is w(6)?
-5
Let j(d) = 2*d**2 + 4*d - 40. Calculate j(6).
56
Let m(a) = 10*a**2. Give m(1).
10
Let m(i) = i**2 - 2*i - 3. Give m(5).
12
Let s(p) = -p**2 + 2*p + 35. What is s(-10)?
-85
Let q(l) = -2*l**2 + 4*l - 10. Det